{"id":48,"date":"2019-02-25T14:33:59","date_gmt":"2019-02-25T13:33:59","guid":{"rendered":"https:\/\/webdata.uber.space\/wordpress\/?page_id=48"},"modified":"2024-07-16T08:45:50","modified_gmt":"2024-07-16T06:45:50","slug":"allgemeinmedizin","status":"publish","type":"page","link":"https:\/\/www.gesundheitspraxis-neuss.com\/wordpress\/allgemeinmedizin\/","title":{"rendered":"Haus\u00e4rtzliche Versorgung"},"content":{"rendered":"<p>Die haus\u00e4rztliche Versorgung unserer Patientinnen und Patienten begreifen wir als unsere ureigenste Aufgabe. Dabei stehen ein ausf\u00fchrliches Gespr\u00e4ch und eine gr\u00fcndliche k\u00f6rperliche Untersuchung f\u00fcr uns an erster Stelle. Danach legen wir gemeinsam mit Ihnen weitere Untersuchungen in unserer Praxis fest oder \u00fcberweisen Sie gegebenenfalls.<\/p>\n<p>Folgende Untersuchungen bieten wir im Rahmen unserer haus\u00e4rztlichen T\u00e4tigkeit an:<\/p>\n\n\n<ul class=\"wp-block-list\"><li>\nLaboruntersuchungen\n\t\t<\/li><li>\nRuhe-,\n\t\tBelastungs- und Langzeit-EKG\n\t\t<\/li><li>\nLangzeit.Blutdruckmessung\n\t\t<\/li><li>\nUltraschalluntersuchungen\n\t\t(Bauchorgane, Schilddr\u00fcse)\n\t\t<\/li><li>\nLungenfunktionstest\n\t\t<\/li><li>\nHausbesuche\n\t\t<\/li><li>\nImpfungen\n\t\t<\/li><li>\nDMP-Programme\n\t\t(Diabetes, KHK, Asthma, COPD)\n\t<\/li><li>\nVersorgungsantr\u00e4ge\n\t\t<\/li><li>\nKurantr\u00e4ge\n\t\t<\/li><li>\nVersicherungsgutachten\n\t<\/li><\/ul>\n","protected":false},"excerpt":{"rendered":"<p>Die haus\u00e4rztliche Versorgung unserer Patientinnen und Patienten begreifen wir als unsere ureigenste Aufgabe. Dabei stehen ein ausf\u00fchrliches Gespr\u00e4ch und eine gr\u00fcndliche k\u00f6rperliche Untersuchung f\u00fcr uns an erster Stelle. Danach legen wir gemeinsam mit Ihnen weitere Untersuchungen in unserer Praxis fest oder \u00fcberweisen Sie gegebenenfalls. Folgende Untersuchungen bieten wir im Rahmen unserer haus\u00e4rztlichen T\u00e4tigkeit an: Laboruntersuchungen&#8230;<\/p>\n","protected":false},"author":1,"featured_media":0,"parent":0,"menu_order":0,"comment_status":"closed","ping_status":"closed","template":"","meta":{"footnotes":""},"class_list":["post-48","page","type-page","status-publish","hentry"],"_links":{"self":[{"href":"https:\/\/www.gesundheitspraxis-neuss.com\/wordpress\/wp-json\/wp\/v2\/pages\/48","targetHints":{"allow":["GET"]}}],"collection":[{"href":"https:\/\/www.gesundheitspraxis-neuss.com\/wordpress\/wp-json\/wp\/v2\/pages"}],"about":[{"href":"https:\/\/www.gesundheitspraxis-neuss.com\/wordpress\/wp-json\/wp\/v2\/types\/page"}],"author":[{"embeddable":true,"href":"https:\/\/www.gesundheitspraxis-neuss.com\/wordpress\/wp-json\/wp\/v2\/users\/1"}],"replies":[{"embeddable":true,"href":"https:\/\/www.gesundheitspraxis-neuss.com\/wordpress\/wp-json\/wp\/v2\/comments?post=48"}],"version-history":[{"count":3,"href":"https:\/\/www.gesundheitspraxis-neuss.com\/wordpress\/wp-json\/wp\/v2\/pages\/48\/revisions"}],"predecessor-version":[{"id":570,"href":"https:\/\/www.gesundheitspraxis-neuss.com\/wordpress\/wp-json\/wp\/v2\/pages\/48\/revisions\/570"}],"wp:attachment":[{"href":"https:\/\/www.gesundheitspraxis-neuss.com\/wordpress\/wp-json\/wp\/v2\/media?parent=48"}],"curies":[{"name":"wp","href":"https:\/\/api.w.org\/{rel}","templated":true}]}}